76. What is the greatest common divisor of 754 and a?
13
Suppose -7*p + 3*f = -1755 - 1800, 3*f + 2535 = 5*p. Calculate the greatest common divisor of 357 and p.
51
Let l be -1 + 42/28*(-10)/(-3). Suppose 5*y - 3*k - 38 = 4, l*k + 4 = -2*y. What is the highest common divisor of y and 54?
6
Let g(a) = -a**3 + 22*a**2 - 82*a - 26. Let h be g(17). Calculate the highest common divisor of h and 19150.
25
Let u be ((-24)/(-10))/((-9)/(-270)). Let d = -26 + 100. Let b = d - u. Calculate the highest common divisor of b and 8.
2
Suppose -125*b - 1580 = -2267 - 4938. Let u(h) = -h + 1. Let k be u(-6). Suppose -k*z + 180 = -6*z. What is the greatest common divisor of z and b?
45
Let t = -14541 + 14656. What is the greatest common factor of t and 3933?
23
Let j = -221 + 224. Let b be (-5 + (-404)/8)*(-2)/j. Calculate the greatest common factor of b and 333.
37
Let p be (77*2)/((-4)/(-6)). Let b be (-223)/(-4683) + 2/7 + (-62)/(-3). What is the highest common divisor of p and b?
21
Let x = 66 - 23. Let w = 49 - x. Suppose -3*s + w*s + v = 39, 64 = 5*s + 2*v. Calculate the greatest common divisor of 154 and s.
14
Suppose 2130 - 3085 = -9*i + 5957. Calculate the greatest common factor of 24 and i.
24
Let o(d) = 2*d**2 + 72*d - 809. Let z be o(28). What is the greatest common factor of z and 225?
75
Suppose -36*j = -18*j - 54. Suppose 3*m - 262 = s, 3*m - 444 = -2*m - 2*s. Suppose 0 = -8*y - j*y + m. What is the greatest common factor of 2 and y?
2
Suppose 55 + 5 = -12*w. Let g(t) = t**3 + 7*t**2 + 3*t - 9. Let d be g(w). What is the highest common divisor of 234 and d?
26
Let u(a) = 14*a**2 + 53*a + 4. Let i be u(-4). Suppose 5*p + k = p + 78, 4*p - 2*k = 84. Calculate the highest common factor of i and p.
4
Suppose -2*f - 2*o = 3*o - 479, -3*o + 979 = 4*f. Let c = f - 183. What is the greatest common factor of 4 and c?
4
Let s = -347 - -257. Let z = s + 146. Calculate the highest common divisor of z and 16.
8
Suppose 1128 = 54*s - 40*s - 734. Calculate the highest common factor of s and 10.
1
Let m(v) = -2*v + 85. Let y be m(10). Let t = y + 51. What is the greatest common divisor of t and 174?
58
Suppose 0 = 2*o + 2*i, -i = -3*o + 5*o + 4. Let v(g) = g**3 + 5*g**2 - 4*g - 11. Let l be v(o). What is the greatest common divisor of l and 903?
21
Let r(a) = 4*a**3 - 63*a**2 + 55*a - 117. Let w be r(15). Calculate the greatest common divisor of 117 and w.
3
Let w = 3278 + -1238. Calculate the greatest common divisor of 1560 and w.
120
Suppose 6*m - 26 = -2. Suppose -p - v + 8 = 3*p, 0 = -2*p + v + m. Let d be (68/(-8) + 1)/(p/(-12)). What is the highest common factor of 315 and d?
45
Suppose -34*q + 22*q = -13116. Suppose 2*t - q = -o, -3*o = 2*o - 25. What is the greatest common factor of t and 68?
68
Let h be 2/(13*4/6500). Calculate the greatest common factor of h and 10.
10
Let z be (1 - 2)/(16 - 32039/2001). Calculate the greatest common factor of 3 and z.
3
Let i = 36 - 34. Suppose i*k - 10 = 0, z - 5*k = 14 - 36. Suppose s - 5*f - z = 3*s, -s - 4*f = 3. Calculate the greatest common divisor of 9 and s.
1
Let g be 1*3/(-1) + 2. Let q be ((-1)/g)/(3/18). Let d be 477/106*11*16/12. Calculate the highest common factor of d and q.
6
Let g be (-12)/(35/(-5) - -3). Calculate the greatest common divisor of g and 168.
3
Let r(o) = 71*o + 86. Let i be r(-6). Let s = i + 345. Calculate the greatest common divisor of s and 2.
1
Let y = -734 - -782. Let s(m) = m**2 + m - 3. Let f be s(-3). Calculate the greatest common factor of f and y.
3
Suppose -64675 = -103*q - 4*q + 16859. Calculate the highest common divisor of 6 and q.
6
Suppose x - 29 = 2*t, -4*t - 102 = -4*x + 6. Let k be (-60 + 55)*(-5)/(x/14). What is the greatest common factor of 175 and k?
7
Suppose -f = 10*z - 377, -710 = 160*f - 162*f + 2*z. What is the greatest common factor of f and 2975?
119
Let g = 10973 + -9283. What is the highest common divisor of 2210 and g?
130
Let l be -6*(-5)/(-10) - -6. Suppose 6 - 15 = -l*x. Suppose j + x*n = 8, 0*j - 5*n + 32 = 4*j. Calculate the highest common divisor of 8 and j.
8
Let z = 5015 + -4701. What is the greatest common divisor of 19939 and z?
157
Let y be (-687)/5 - ((-36)/15 - -2). Let o = 107 + y. Let j = -16 - o. Calculate the greatest common divisor of 14 and j.
14
Let j = -576 + 758. Calculate the highest common divisor of 56 and j.
14
Let f be (25/(-4) - -1)*(-3 + -1). Suppose -4*x + 256 = -t, 2*x = -2*t + 7*t + 146. Calculate the greatest common factor of f and x.
21
Suppose 4*w - 286 - 106 = -d, -d = 5*w - 490. What is the highest common factor of 3724 and w?
98
Let v be ((1 + 0)*-3 - -4) + 95. Let h be 70 + (0 - -1) + (-19)/(-19). Calculate the highest common divisor of h and v.
24
Let p(c) = c**2 - 7*c - 25. Let t be p(-14). Let y = t + -218. What is the highest common factor of 221 and y?
17
Suppose 60 = -4*f + 4*i, -61 = 4*f + 2*i + 5. Let r be (-1806)/(-4) + -1 - f/32. Calculate the greatest common factor of 41 and r.
41
Let a(b) = -28*b + 30. Let s be a(-9). Suppose s = 2*r + o + o, -r + 5*o = -141. Let j = -129 + r. What is the greatest common divisor of j and 8?
4
Let s be (34 - -1)*(-12)/(-14). Suppose 8*q = 773 + 1427. Let w = -200 + q. Calculate the greatest common factor of w and s.
15
Suppose 4*x - 478 = 382. Let l be (-17)/(85/(-858)) - (-6)/15. Let o be (l/(-3))/(1/3 - 1). What is the greatest common factor of x and o?
43
Let d = 91 + -118. Let m = d - -47. Suppose 0 = z - 53 + m. Calculate the highest common divisor of 55 and z.
11
Let r be ((-20)/7)/((-148)/4662). Calculate the greatest common factor of 1130 and r.
10
Suppose 19*n + 3*n + 16*n = 8626. Calculate the highest common factor of 1135 and n.
227
Let s(g) = 14*g - 3 + 6 - 7 - 14 + 4*g**2. Let p be s(-7). What is the highest common factor of p and 60?
20
Let q be 1*-38*(-144)/36. Let v = -25 + 63. Let a = v - 19. What is the greatest common divisor of q and a?
19
Let b(k) = -k**2 + 33*k + 1216. Let p be b(55). What is the greatest common factor of p and 1348?
2
Suppose -4*y = 4*v - 284 - 3892, 0 = -y. Calculate the greatest common factor of 108 and v.
36
Let t be 3/21 - (-85)/(-238)*-134. Calculate the greatest common factor of t and 15.
3
Let l be 8080/14 - (-8 - 1344/(-147)). Let a(y) = -4*y + 2. Let u be a(-4). What is the greatest common factor of l and u?
18
Let t(d) = 8*d**3 - 8*d**2 + 17*d - 2. Let b be t(1). Let l = 82 - 57. What is the greatest common factor of l and b?
5
Suppose -2*l = -5*w + 141, 2*w + 2*l - 149 = -3*w. Suppose -4*d + 43 = -w. Calculate the highest common divisor of d and 16.
2
Let t(r) = r**3 + 11*r**2 - 13*r + 6. Let c be -4 + 2 + 1 + -11. Let j be t(c). Let w be 50/60*33*(-72)/(-10). Calculate the greatest common factor of j and w.
18
Let q be (-19)/((-228)/(-24))*(2 - (-1 - -11)). What is the greatest common divisor of q and 6064?
16
Let o(q) be the first derivative of -q**2 - 12*q + 5. Let b be o(-11). Let c(p) = 33*p - 82. Let l be c(4). What is the greatest common factor of b and l?
10
Suppose 2*m - 10 = 0, 17*w - 12*w - 100 = -2*m. Suppose -w*i = -193 - 23. Calculate the highest common factor of 28 and i.
4
Let f(m) be the third derivative of 0*m + 1/20*m**5 + 1/3*m**4 - 5*m**2 + 1/2*m**3 + 0. Let k be f(-6). Calculate the greatest common divisor of k and 7.
7
Let u(q) = 2*q**3 + 27*q**2 + 7*q + 13. Let j be u(-13). Let y = -7 + 10. Let r = j - y. Calculate the greatest common divisor of 132 and r.
44
Let q(h) = 4*h - 33. Let b(u) = -9*u + 64. Let y(t) = -6*b(t) - 13*q(t). Let j be y(15). Calculate the greatest common factor of 50 and j.
25
Let q(x) = -x**3 + 16*x**2 - 23*x + 28. Let t be q(10). Let d = t + -384. What is the greatest common divisor of 252 and d?
14
Let c be 81*(15/(-9) - -4 - 8). Suppose -b = 2*q + q + 17, -3*q = 3*b + 9. Let x be 2/q - c/63. What is the highest common divisor of 14 and x?
7
Let o(a) = 522*a**2 - 14*a + 367. Let q be o(8). What is the highest common divisor of 147 and q?
147
Let p(a) = a**3 + 46*a**2 + a + 2262. Let y be p(-47). Calculate the greatest common divisor of y and 28596.
6
Let a be ((-192)/(-10))/(90/300)*(-2)/(-8). Suppose 359 = -3*g - 2*o + 2127, 2356 = 4*g + 3*o. What is the greatest common divisor of g and a?
16
Let n(x) = 10*x**2 - 17*x + 514. Let q be n(-54). Calculate the greatest comm